{"id":996,"date":"2017-04-13T14:46:49","date_gmt":"2017-04-13T12:46:49","guid":{"rendered":"http:\/\/golf-entreprise-ara.org\/wpara\/?page_id=996"},"modified":"2026-03-04T09:59:30","modified_gmt":"2026-03-04T08:59:30","slug":"organisateur","status":"publish","type":"page","link":"https:\/\/golf-entreprise-ara.org\/wpara\/organisateur\/","title":{"rendered":"Aide m\u00e9moire pour organisateur"},"content":{"rendered":"<p style=\"text-align: center;\"><span style=\"font-size: 14pt;\">B\u00e9n\u00e9volement, vous assurez l\u2019organisation d\u2019une \u00e9preuve du Golf d\u2019Entreprise, merci !<\/span><br \/>\n<span style=\"font-size: 14pt;\">Voici quelques infos pour vous aider et favoriser la diffusion des informations \u00e0 tous les joueurs via le site web<\/span><\/p>\n<p><img loading=\"lazy\" decoding=\"async\" class=\"alignnone wp-image-7718 aligncenter\" src=\"https:\/\/golf-entreprise-ara.org\/wpara\/wp-content\/uploads\/freepik__triumphant-group-of-golfers-celebrating-their-vict__16055-187x240.jpeg\" alt=\"\" width=\"260\" height=\"334\" srcset=\"https:\/\/golf-entreprise-ara.org\/wpara\/wp-content\/uploads\/freepik__triumphant-group-of-golfers-celebrating-their-vict__16055-187x240.jpeg 187w, https:\/\/golf-entreprise-ara.org\/wpara\/wp-content\/uploads\/freepik__triumphant-group-of-golfers-celebrating-their-vict__16055-622x800.jpeg 622w, https:\/\/golf-entreprise-ara.org\/wpara\/wp-content\/uploads\/freepik__triumphant-group-of-golfers-celebrating-their-vict__16055-768x987.jpeg 768w, https:\/\/golf-entreprise-ara.org\/wpara\/wp-content\/uploads\/freepik__triumphant-group-of-golfers-celebrating-their-vict__16055.jpeg 896w\" sizes=\"auto, (max-width: 260px) 100vw, 260px\" \/><\/p>\n<table class=\"aligncenter\" style=\"width: 24.377%; border-collapse: collapse; border-style: none; height: 54px;\" border=\"0\">\n<tbody>\n<tr>\n<td style=\"width: 80%; border-style: none; vertical-align: middle;\"><span style=\"font-size: 14pt;\"><a href=\"https:\/\/golf-entreprise-ara.org\/wpara\/wp-content\/uploads\/aide-memoire-organisateur.pdf\" target=\"_blank\" rel=\"noopener\"><strong>CHARTRE ORGANISATEUR<\/strong><\/a><\/span><\/td>\n<td style=\"width: 20%; border-style: none; text-align: center; vertical-align: middle;\"><span style=\"font-size: 14pt;\"><a href=\"https:\/\/golf-entreprise-ara.org\/wpara\/wp-content\/uploads\/aide-memoire-organisateur_ancien.pdf\" target=\"_blank\" rel=\"noopener\"><img loading=\"lazy\" decoding=\"async\" class=\"aligncenter wp-image-1628 size-full\" src=\"https:\/\/golf-entreprise-ara.org\/wpara\/wp-content\/uploads\/ima-imprimante.gif\" alt=\"\" width=\"42\" height=\"42\" \/><\/a><\/span><\/td>\n<\/tr>\n<\/tbody>\n<\/table>\n<p style=\"text-align: center;\"><span style=\"font-size: 14pt;\">A la fin de la comp\u00e9tition pens\u00e9 \u00e0 envoyer un petit r\u00e9sum\u00e9 et quelques photos \u00e0 entregolf@gmail.com pour mettre en valeur cette journ\u00e9e sur le site Golf d\u2019Entreprise<\/span><\/p>\n<p style=\"text-align: center;\"><span style=\"font-size: 14pt;\">Vous pouvez utiliser la page : <a href=\"https:\/\/golf-entreprise-ara.org\/wpara\/contact\/\"><strong>CONTACT<\/strong><\/a> ( en bas de la page d\u2019accueil du site ) pour transmettre les documents<\/span><\/p>\n<p style=\"text-align: center;\"><span style=\"font-size: 14pt;\"><span style=\"color: #3366ff;\"><strong>Pour publier les r\u00e9sultats de la comp\u00e9tition, utilis\u00e9 le tuto qui vous a \u00e9t\u00e9 pr\u00e9sent\u00e9\u00a0<\/strong><\/span><\/span><\/p>\n<p style=\"text-align: center;\"><span style=\"color: #3366ff; font-size: 14pt;\"><strong>Merci et bonne organisation !<\/strong><\/span><\/p>\n","protected":false},"excerpt":{"rendered":"<p>B\u00e9n\u00e9volement, vous assurez l\u2019organisation d\u2019une \u00e9preuve du Golf d\u2019Entreprise, merci ! Voici quelques infos pour&#8230;<\/p>\n","protected":false},"author":3,"featured_media":0,"parent":0,"menu_order":0,"comment_status":"closed","ping_status":"closed","template":"","meta":{"footnotes":""},"class_list":["post-996","page","type-page","status-publish","hentry"],"_links":{"self":[{"href":"https:\/\/golf-entreprise-ara.org\/wpara\/wp-json\/wp\/v2\/pages\/996","targetHints":{"allow":["GET"]}}],"collection":[{"href":"https:\/\/golf-entreprise-ara.org\/wpara\/wp-json\/wp\/v2\/pages"}],"about":[{"href":"https:\/\/golf-entreprise-ara.org\/wpara\/wp-json\/wp\/v2\/types\/page"}],"author":[{"embeddable":true,"href":"https:\/\/golf-entreprise-ara.org\/wpara\/wp-json\/wp\/v2\/users\/3"}],"replies":[{"embeddable":true,"href":"https:\/\/golf-entreprise-ara.org\/wpara\/wp-json\/wp\/v2\/comments?post=996"}],"version-history":[{"count":35,"href":"https:\/\/golf-entreprise-ara.org\/wpara\/wp-json\/wp\/v2\/pages\/996\/revisions"}],"predecessor-version":[{"id":8354,"href":"https:\/\/golf-entreprise-ara.org\/wpara\/wp-json\/wp\/v2\/pages\/996\/revisions\/8354"}],"wp:attachment":[{"href":"https:\/\/golf-entreprise-ara.org\/wpara\/wp-json\/wp\/v2\/media?parent=996"}],"curies":[{"name":"wp","href":"https:\/\/api.w.org\/{rel}","templated":true}]}}