{"id":5072,"date":"2022-06-28T10:47:43","date_gmt":"2022-06-28T08:47:43","guid":{"rendered":"https:\/\/golf-entreprise-ara.org\/wpara\/?page_id=5072"},"modified":"2023-06-14T13:47:24","modified_gmt":"2023-06-14T11:47:24","slug":"compet-ligue-aura","status":"publish","type":"page","link":"https:\/\/golf-entreprise-ara.org\/wpara\/compet-ligue-aura\/","title":{"rendered":"Comp\u00e9titions ligue AURA"},"content":{"rendered":"<p>FFGolf Entreprise organise des \u00e9preuves pour la Ligue Auvergne-Rh\u00f4ne-Alpes ou des qualifications pour des \u00e9preuves f\u00e9d\u00e9rales<\/p>\n<p><span style=\"font-size: 14pt;\"><strong>Ligue Auvergne-Rh\u00f4ne-Alpes<\/strong><\/span><br \/>\n<strong><br \/>\n<a href=\"https:\/\/golf-entreprise-ara.org\/wpara\/chpt-aura\/\" rel=\"noopener\">Championnat AURA<\/a><br \/>\n<a href=\"https:\/\/golf-entreprise-ara.org\/wpara\/chpt-indiv\/\">Championnat individuel<\/a><\/strong><br \/>\n<strong><br \/>\n<a href=\"https:\/\/golf-entreprise-ara.org\/wpara\/coupe-fem\/\">Coupe f\u00e9minine<\/a><br \/>\n<a href=\"https:\/\/golf-entreprise-ara.org\/wpara\/coupe-pres\/\">Coupe des pr\u00e9sidents d&rsquo;AS<\/a><\/strong><\/p>\n<p><a href=\"https:\/\/golf-entreprise-ara.org\/wpara\/pitchputt\/\"><strong>Qualifications Championnat de France de Pitch and putt<\/strong><\/a><br \/>\n<strong><a href=\"https:\/\/golf-entreprise-ara.org\/wpara\/coupe-fr-qualifs\/\">Qualifications Coupe de France<\/a><\/strong><\/p>\n<p><a style=\"font-weight: bold;\" href=\"https:\/\/golf-entreprise-ara.org\/wpara\/chpt-feder\/\" rel=\"noopener\"><strong><span style=\"font-size: 18pt;\"><span style=\"font-size: 14pt;\">Epreuves f\u00e9d\u00e9rales<\/span><\/span><\/strong><br \/>\n<\/a>&#8211; Finales nationales ( pitch and putt )<br \/>\n&#8211; Championnat de France par \u00e9quipe<br \/>\n&#8211; Championnat f\u00e9d\u00e9ral<\/p>\n<p>&nbsp;<\/p>\n","protected":false},"excerpt":{"rendered":"<p>FFGolf Entreprise organise des \u00e9preuves pour la Ligue Auvergne-Rh\u00f4ne-Alpes ou des qualifications pour des \u00e9preuves&#8230;<\/p>\n","protected":false},"author":3,"featured_media":0,"parent":0,"menu_order":0,"comment_status":"closed","ping_status":"closed","template":"","meta":{"footnotes":""},"class_list":["post-5072","page","type-page","status-publish","hentry"],"_links":{"self":[{"href":"https:\/\/golf-entreprise-ara.org\/wpara\/wp-json\/wp\/v2\/pages\/5072","targetHints":{"allow":["GET"]}}],"collection":[{"href":"https:\/\/golf-entreprise-ara.org\/wpara\/wp-json\/wp\/v2\/pages"}],"about":[{"href":"https:\/\/golf-entreprise-ara.org\/wpara\/wp-json\/wp\/v2\/types\/page"}],"author":[{"embeddable":true,"href":"https:\/\/golf-entreprise-ara.org\/wpara\/wp-json\/wp\/v2\/users\/3"}],"replies":[{"embeddable":true,"href":"https:\/\/golf-entreprise-ara.org\/wpara\/wp-json\/wp\/v2\/comments?post=5072"}],"version-history":[{"count":8,"href":"https:\/\/golf-entreprise-ara.org\/wpara\/wp-json\/wp\/v2\/pages\/5072\/revisions"}],"predecessor-version":[{"id":6225,"href":"https:\/\/golf-entreprise-ara.org\/wpara\/wp-json\/wp\/v2\/pages\/5072\/revisions\/6225"}],"wp:attachment":[{"href":"https:\/\/golf-entreprise-ara.org\/wpara\/wp-json\/wp\/v2\/media?parent=5072"}],"curies":[{"name":"wp","href":"https:\/\/api.w.org\/{rel}","templated":true}]}}