{"id":2829,"date":"2019-02-27T12:42:45","date_gmt":"2019-02-27T11:42:45","guid":{"rendered":"http:\/\/golf-entreprise-ara.org\/wpara\/?page_id=2829"},"modified":"2021-02-12T14:34:48","modified_gmt":"2021-02-12T13:34:48","slug":"affiliation","status":"publish","type":"page","link":"https:\/\/golf-entreprise-ara.org\/wpara\/affiliation\/","title":{"rendered":"Jouer au golf avec mon entreprise"},"content":{"rendered":"<p><a href=\"https:\/\/www.ffgolf.org\/Jouer\/Entreprise-municipalites-affinitaires\" target=\"_blank\" rel=\"noopener noreferrer\"><strong><span style=\"font-size: 14pt;\">Toutes les informations sur le site ffgolf<\/span><\/strong><\/a><\/p>\n<p><!-- <a href=\"https:\/\/www.ffgolf.org\/Jouer\/Entreprise-municipalites-affinitaires\/Le-golf-d-Entreprise\/La-semaine-du-golf-d-Entreprise\" target=\"_blank\" rel=\"noopener noreferrer\"><strong><span style=\"font-size: 12pt;\">La semaine du golf d'entreprise<\/span><\/strong><\/a> --><\/p>\n<p>En Auvergne-Rh\u00f4ne-Alpes, le golf d&rsquo;Entreprise f\u00e9d\u00e8re plus de 100 entreprises<br \/>\net organise de nombreuses activit\u00e9s pour tous les niveaux de jeu<\/p>\n<p><span style=\"font-size: 14pt;\"><a href=\"https:\/\/golf-entreprise-ara.org\/wpara\/mail-affiliation\/\"><strong>Contactez<\/strong><\/a><\/span> le golf d&rsquo;entreprise de la ligue Auvergne-Rh\u00f4ne-Alpes<\/p>\n<p><span style=\"font-size: 12pt;\"><strong>Rejoignez nous !<\/strong><\/span><br \/>\n<img loading=\"lazy\" decoding=\"async\" class=\"alignnone wp-image-2821 size-full\" src=\"https:\/\/golf-entreprise-ara.org\/wpara\/wp-content\/uploads\/ima-ffgolf-entr-2.jpg\" alt=\"\" width=\"800\" height=\"640\" \/><\/p>\n<p>&nbsp;<\/p>\n<p>&nbsp;<\/p>\n","protected":false},"excerpt":{"rendered":"<p>Toutes les informations sur le site ffgolf En Auvergne-Rh\u00f4ne-Alpes, le golf d&rsquo;Entreprise f\u00e9d\u00e8re plus de&#8230;<\/p>\n","protected":false},"author":3,"featured_media":0,"parent":0,"menu_order":0,"comment_status":"closed","ping_status":"closed","template":"","meta":{"footnotes":""},"class_list":["post-2829","page","type-page","status-publish","hentry"],"_links":{"self":[{"href":"https:\/\/golf-entreprise-ara.org\/wpara\/wp-json\/wp\/v2\/pages\/2829","targetHints":{"allow":["GET"]}}],"collection":[{"href":"https:\/\/golf-entreprise-ara.org\/wpara\/wp-json\/wp\/v2\/pages"}],"about":[{"href":"https:\/\/golf-entreprise-ara.org\/wpara\/wp-json\/wp\/v2\/types\/page"}],"author":[{"embeddable":true,"href":"https:\/\/golf-entreprise-ara.org\/wpara\/wp-json\/wp\/v2\/users\/3"}],"replies":[{"embeddable":true,"href":"https:\/\/golf-entreprise-ara.org\/wpara\/wp-json\/wp\/v2\/comments?post=2829"}],"version-history":[{"count":22,"href":"https:\/\/golf-entreprise-ara.org\/wpara\/wp-json\/wp\/v2\/pages\/2829\/revisions"}],"predecessor-version":[{"id":4142,"href":"https:\/\/golf-entreprise-ara.org\/wpara\/wp-json\/wp\/v2\/pages\/2829\/revisions\/4142"}],"wp:attachment":[{"href":"https:\/\/golf-entreprise-ara.org\/wpara\/wp-json\/wp\/v2\/media?parent=2829"}],"curies":[{"name":"wp","href":"https:\/\/api.w.org\/{rel}","templated":true}]}}